{"id":11374,"date":"2023-02-18T11:59:23","date_gmt":"2023-02-18T14:59:23","guid":{"rendered":"https:\/\/www.vivawines.com.br\/loja\/produto\/prd78003\/"},"modified":"2026-02-17T15:01:27","modified_gmt":"2026-02-17T18:01:27","slug":"prd78003","status":"publish","type":"product","link":"https:\/\/www.vivawines.com.br\/loja\/produto\/prd78003\/","title":{"rendered":"Salvattore Reserva Blend"},"content":{"rendered":"<p>Tipo de Uva \u2013 55% Merlot, 25% Cabernet Sauvignon, 13% Alicante Bouschet , 7% Tannat<br \/>\nSafra \u2013 2019<br \/>\nGradua\u00e7\u00e3o Alco\u00f3lica \u2013 13%<br \/>\nVolume \u2013 750 ml<br \/>\nRegi\u00e3o \u2013 Flores da Cunha\/RS<br \/>\nVin\u00edcola \u2013 Salvattore<br \/>\nTipo \u2013 Vinho Fino Tinto Seco<br \/>\nElabora\u00e7\u00e3o \u2013 12 a 14 meses em carvalho Franc\u00eas e Americano e  12 meses em cave climatizada.<br \/>\nHarmoniza\u00e7\u00e3o \u2013  Acompanham queijos diversos, carnes grelhadas ou assadas, culin\u00e1ria contempor\u00e2nea, massas, embutidos e t\u00e1buas de frios.<br \/>\nVis\u00e3o \u2013 Cor vermelho escuro com sutis reflexos vermelho leve.<br \/>\nOlfato \u2013 A mescla das 4 variedades resultou em um vinho aromas complexos, predominante para aromas terci\u00e1rios: caf\u00e9, am\u00eandoa, castanha, baunilha, especiarias, figo seco, tabaco e folhas secas.<br \/>\nPaladar \u2013 Destaca-se pelo equil\u00edbrio e sintonia entre as variedades, predominando a leveza e maciez dos taninos, deixando fim de boca delicado, mas longo.<\/p>\n","protected":false},"excerpt":{"rendered":"<p>Salvattore Reserva Blend<\/p>\n","protected":false},"featured_media":11373,"comment_status":"open","ping_status":"closed","template":"","meta":[],"product_cat":[72],"product_tag":[],"_links":{"self":[{"href":"https:\/\/www.vivawines.com.br\/loja\/wp-json\/wp\/v2\/product\/11374"}],"collection":[{"href":"https:\/\/www.vivawines.com.br\/loja\/wp-json\/wp\/v2\/product"}],"about":[{"href":"https:\/\/www.vivawines.com.br\/loja\/wp-json\/wp\/v2\/types\/product"}],"replies":[{"embeddable":true,"href":"https:\/\/www.vivawines.com.br\/loja\/wp-json\/wp\/v2\/comments?post=11374"}],"wp:featuredmedia":[{"embeddable":true,"href":"https:\/\/www.vivawines.com.br\/loja\/wp-json\/wp\/v2\/media\/11373"}],"wp:attachment":[{"href":"https:\/\/www.vivawines.com.br\/loja\/wp-json\/wp\/v2\/media?parent=11374"}],"wp:term":[{"taxonomy":"product_cat","embeddable":true,"href":"https:\/\/www.vivawines.com.br\/loja\/wp-json\/wp\/v2\/product_cat?post=11374"},{"taxonomy":"product_tag","embeddable":true,"href":"https:\/\/www.vivawines.com.br\/loja\/wp-json\/wp\/v2\/product_tag?post=11374"}],"curies":[{"name":"wp","href":"https:\/\/api.w.org\/{rel}","templated":true}]}}