{"id":11390,"date":"2023-02-18T11:59:42","date_gmt":"2023-02-18T14:59:42","guid":{"rendered":"https:\/\/www.vivawines.com.br\/loja\/produto\/prd78098\/"},"modified":"2025-03-13T18:51:48","modified_gmt":"2025-03-13T21:51:48","slug":"prd78098","status":"publish","type":"product","link":"https:\/\/www.vivawines.com.br\/loja\/produto\/prd78098\/","title":{"rendered":"Casa Venturini  Reserva Marselan"},"content":{"rendered":"<p>Tipo de Uva \u2013 Marselan<br \/>\nSafra \u2013 2020<br \/>\nGradua\u00e7\u00e3o Alco\u00f3lica \u2013 14.3%<br \/>\nVolume \u2013 750 ml<br \/>\nRegi\u00e3o \u2013 Flores da Cunha, RS<br \/>\nTipo \u2013 Nobre Tinto Seco<br \/>\nElabora\u00e7\u00e3o \u2013 12 meses em barricas de carvalho franc\u00eas.<br \/>\nHarmoniza\u00e7\u00e3o \u2013 Acompanha massas com molhos vermelhos, cordeiro e cortes nobres de gado.<br \/>\nVis\u00e3o \u2013 Brilhante e de  colora\u00e7\u00e3o intensa.<br \/>\nAroma \u2013 Aromas complexos de especiarias, frutas vermelhas, eucalipto, toques de defumado, caramelo e chocolate.<br \/>\nPaladar \u2013 Bom corpo, taninos aveludados e acidez equilibrada. Retrogosto longo e muito agrad\u00e1vel.<\/p>\n","protected":false},"excerpt":{"rendered":"<p>Casa Venturini  Reserva Marselan<\/p>\n","protected":false},"featured_media":11389,"comment_status":"open","ping_status":"closed","template":"","meta":[],"product_cat":[72],"product_tag":[],"_links":{"self":[{"href":"https:\/\/www.vivawines.com.br\/loja\/wp-json\/wp\/v2\/product\/11390"}],"collection":[{"href":"https:\/\/www.vivawines.com.br\/loja\/wp-json\/wp\/v2\/product"}],"about":[{"href":"https:\/\/www.vivawines.com.br\/loja\/wp-json\/wp\/v2\/types\/product"}],"replies":[{"embeddable":true,"href":"https:\/\/www.vivawines.com.br\/loja\/wp-json\/wp\/v2\/comments?post=11390"}],"wp:featuredmedia":[{"embeddable":true,"href":"https:\/\/www.vivawines.com.br\/loja\/wp-json\/wp\/v2\/media\/11389"}],"wp:attachment":[{"href":"https:\/\/www.vivawines.com.br\/loja\/wp-json\/wp\/v2\/media?parent=11390"}],"wp:term":[{"taxonomy":"product_cat","embeddable":true,"href":"https:\/\/www.vivawines.com.br\/loja\/wp-json\/wp\/v2\/product_cat?post=11390"},{"taxonomy":"product_tag","embeddable":true,"href":"https:\/\/www.vivawines.com.br\/loja\/wp-json\/wp\/v2\/product_tag?post=11390"}],"curies":[{"name":"wp","href":"https:\/\/api.w.org\/{rel}","templated":true}]}}