{"id":11400,"date":"2023-02-18T12:00:18","date_gmt":"2023-02-18T15:00:18","guid":{"rendered":"https:\/\/www.vivawines.com.br\/loja\/produto\/prdv265-11\/"},"modified":"2025-03-13T18:51:57","modified_gmt":"2025-03-13T21:51:57","slug":"prdv265-11","status":"publish","type":"product","link":"https:\/\/www.vivawines.com.br\/loja\/produto\/prdv265-11\/","title":{"rendered":"Vinho Verde DOC Campelo Adamado"},"content":{"rendered":"<p>Tipo de Uva &#8211; Loureiro, Trajadura, Avesso e Pedern\u00e3<br \/>\nSafra &#8211; 2020<br \/>\nGradua\u00e7\u00e3o Alco\u00f3lica &#8211; 10,5%<br \/>\nVolume &#8211; 750 ml<br \/>\nRegi\u00e3o &#8211; Vinhos Verdes, Portugal<br \/>\nTipo &#8211; Vinho Fino Branco Seco<br \/>\nElabora\u00e7\u00e3o &#8211; Sem passagem em barricas de carvalho.<br \/>\nHarmoniza\u00e7\u00e3o &#8211; Frutos do mar, pratos leves a base de peixes, bacalhau.<br \/>\nVis\u00e3o &#8211;  Amarelo com reflexos esverdeados.<br \/>\nOlfato &#8211; Intenso, frutado, com notas de ma\u00e7\u00e3 e lima.<br \/>\nPaladar &#8211; Macio e fresco, sabor a fruta, jovem, persistente e refrescante, gra\u00e7as \u00e0 sua boa acidez.<\/p>\n","protected":false},"excerpt":{"rendered":"<p>Vinho Verde DOC Campelo Adamado<\/p>\n","protected":false},"featured_media":11399,"comment_status":"open","ping_status":"closed","template":"","meta":[],"product_cat":[72],"product_tag":[],"_links":{"self":[{"href":"https:\/\/www.vivawines.com.br\/loja\/wp-json\/wp\/v2\/product\/11400"}],"collection":[{"href":"https:\/\/www.vivawines.com.br\/loja\/wp-json\/wp\/v2\/product"}],"about":[{"href":"https:\/\/www.vivawines.com.br\/loja\/wp-json\/wp\/v2\/types\/product"}],"replies":[{"embeddable":true,"href":"https:\/\/www.vivawines.com.br\/loja\/wp-json\/wp\/v2\/comments?post=11400"}],"wp:featuredmedia":[{"embeddable":true,"href":"https:\/\/www.vivawines.com.br\/loja\/wp-json\/wp\/v2\/media\/11399"}],"wp:attachment":[{"href":"https:\/\/www.vivawines.com.br\/loja\/wp-json\/wp\/v2\/media?parent=11400"}],"wp:term":[{"taxonomy":"product_cat","embeddable":true,"href":"https:\/\/www.vivawines.com.br\/loja\/wp-json\/wp\/v2\/product_cat?post=11400"},{"taxonomy":"product_tag","embeddable":true,"href":"https:\/\/www.vivawines.com.br\/loja\/wp-json\/wp\/v2\/product_tag?post=11400"}],"curies":[{"name":"wp","href":"https:\/\/api.w.org\/{rel}","templated":true}]}}