{"id":11424,"date":"2023-02-18T12:00:52","date_gmt":"2023-02-18T15:00:52","guid":{"rendered":"https:\/\/www.vivawines.com.br\/loja\/produto\/prdv580\/"},"modified":"2025-03-13T18:52:37","modified_gmt":"2025-03-13T21:52:37","slug":"prdv580","status":"publish","type":"product","link":"https:\/\/www.vivawines.com.br\/loja\/produto\/prdv580\/","title":{"rendered":"Chateau Les Millaux Bordeuax"},"content":{"rendered":"<p>Tipo de Uva \u2013 85% Merlot \u2013 10% Cabernet Franc \u2013 5% Cabernet Sauvignon.<br \/>\nSafra \u2013 2019<br \/>\nGradua\u00e7\u00e3o Alco\u00f3lica \u2013 14%<br \/>\nVolume \u2013 750 ml<br \/>\nRegi\u00e3o \u2013 Gironde\/Bordeaux, Fran\u00e7a<br \/>\nTipo \u2013 Fino Tinto Seco<br \/>\nElabora\u00e7\u00e3o \u2013 Sem passagem em barricas.<br \/>\nHarmoniza\u00e7\u00e3o \u2013 Carnes vermelhas, queijos, pizzas.<br \/>\nVis\u00e3o \u2013 Vermelho profundo.<br \/>\nOlfato \u2013 Vinho traz aromas de frutas vermelhas.<br \/>\nPaladar \u2013 A harmonia na boca em um perfeito equil\u00edbrio entre os taninos e o acabamento \u00e9 muito elegante. Este vinho \u00e9 frutado e elegante que apresenta um bouquet complexo de frutas ex\u00f3ticas.<\/p>\n","protected":false},"excerpt":{"rendered":"<p>Chateau Les Millaux Bordeuax<\/p>\n","protected":false},"featured_media":11423,"comment_status":"open","ping_status":"closed","template":"","meta":[],"product_cat":[72],"product_tag":[],"_links":{"self":[{"href":"https:\/\/www.vivawines.com.br\/loja\/wp-json\/wp\/v2\/product\/11424"}],"collection":[{"href":"https:\/\/www.vivawines.com.br\/loja\/wp-json\/wp\/v2\/product"}],"about":[{"href":"https:\/\/www.vivawines.com.br\/loja\/wp-json\/wp\/v2\/types\/product"}],"replies":[{"embeddable":true,"href":"https:\/\/www.vivawines.com.br\/loja\/wp-json\/wp\/v2\/comments?post=11424"}],"wp:featuredmedia":[{"embeddable":true,"href":"https:\/\/www.vivawines.com.br\/loja\/wp-json\/wp\/v2\/media\/11423"}],"wp:attachment":[{"href":"https:\/\/www.vivawines.com.br\/loja\/wp-json\/wp\/v2\/media?parent=11424"}],"wp:term":[{"taxonomy":"product_cat","embeddable":true,"href":"https:\/\/www.vivawines.com.br\/loja\/wp-json\/wp\/v2\/product_cat?post=11424"},{"taxonomy":"product_tag","embeddable":true,"href":"https:\/\/www.vivawines.com.br\/loja\/wp-json\/wp\/v2\/product_tag?post=11424"}],"curies":[{"name":"wp","href":"https:\/\/api.w.org\/{rel}","templated":true}]}}