{"id":11438,"date":"2023-02-18T12:08:34","date_gmt":"2023-02-18T15:08:34","guid":{"rendered":"https:\/\/www.vivawines.com.br\/loja\/produto\/prd77476\/"},"modified":"2025-03-13T18:52:48","modified_gmt":"2025-03-13T21:52:48","slug":"prd77476","status":"publish","type":"product","link":"https:\/\/www.vivawines.com.br\/loja\/produto\/prd77476\/","title":{"rendered":"Dom Campos Reserva"},"content":{"rendered":"<p>Tipo de Uva &#8211; 60% Castel\u00e3o, 20% Syrah, 20% Aragon\u00eas<br \/>\nSafra &#8211; 2015<br \/>\nGradua\u00e7\u00e3o Alco\u00f3lica &#8211; 14%<br \/>\nVolume &#8211; 750 ml<br \/>\nRegi\u00e3o &#8211; Set\u00fabal, Portugal<br \/>\nTipo &#8211; Vinho Fino Tinto Seco<br \/>\nElabora\u00e7\u00e3o &#8211; Est\u00e1gio de 9 meses em meias pipas de carvalho franc\u00eas e americano.<br \/>\nHarmoniza\u00e7\u00e3o &#8211; Acompanha bem carnes e queijos.<br \/>\nVis\u00e3o &#8211; Granada.<br \/>\nOlfato &#8211; Aromas que lembram frutos vermelhos maduros, muito bem conjugado com a madeira que lhe d\u00e1 um toque a baunilha.<br \/>\nPaladar &#8211; Fim de boca persistente e muito prolongado.<\/p>\n","protected":false},"excerpt":{"rendered":"<p>Dom Campos Reserva<\/p>\n","protected":false},"featured_media":11437,"comment_status":"open","ping_status":"closed","template":"","meta":[],"product_cat":[72],"product_tag":[],"_links":{"self":[{"href":"https:\/\/www.vivawines.com.br\/loja\/wp-json\/wp\/v2\/product\/11438"}],"collection":[{"href":"https:\/\/www.vivawines.com.br\/loja\/wp-json\/wp\/v2\/product"}],"about":[{"href":"https:\/\/www.vivawines.com.br\/loja\/wp-json\/wp\/v2\/types\/product"}],"replies":[{"embeddable":true,"href":"https:\/\/www.vivawines.com.br\/loja\/wp-json\/wp\/v2\/comments?post=11438"}],"wp:featuredmedia":[{"embeddable":true,"href":"https:\/\/www.vivawines.com.br\/loja\/wp-json\/wp\/v2\/media\/11437"}],"wp:attachment":[{"href":"https:\/\/www.vivawines.com.br\/loja\/wp-json\/wp\/v2\/media?parent=11438"}],"wp:term":[{"taxonomy":"product_cat","embeddable":true,"href":"https:\/\/www.vivawines.com.br\/loja\/wp-json\/wp\/v2\/product_cat?post=11438"},{"taxonomy":"product_tag","embeddable":true,"href":"https:\/\/www.vivawines.com.br\/loja\/wp-json\/wp\/v2\/product_tag?post=11438"}],"curies":[{"name":"wp","href":"https:\/\/api.w.org\/{rel}","templated":true}]}}