{"id":11468,"date":"2023-02-18T12:09:15","date_gmt":"2023-02-18T15:09:15","guid":{"rendered":"https:\/\/www.vivawines.com.br\/loja\/produto\/prd77736\/"},"modified":"2025-03-13T18:53:19","modified_gmt":"2025-03-13T21:53:19","slug":"prd77736","status":"publish","type":"product","link":"https:\/\/www.vivawines.com.br\/loja\/produto\/prd77736\/","title":{"rendered":"Irreverente Terras do D\u00e3o Blend"},"content":{"rendered":"<p>Tipo de Uva \u2013 Touriga Nacional, Tinta Roriz, Alfrocheiro e Jaen<br \/>\nSafra \u2013 2016<br \/>\nGradua\u00e7\u00e3o Alco\u00f3lica \u2013 13%<br \/>\nVolume \u2013 750 ml<br \/>\nRegi\u00e3o \u2013 D\u00e3o, Portugal<br \/>\nTipo \u2013 Fino Tinto Seco<br \/>\nElabora\u00e7\u00e3o \u2013 Est\u00e1gio de 6 meses em barricas de carvalho franc\u00eas.<br \/>\nHarmoniza\u00e7\u00e3o \u2013 Harmoniza muito bem com carnes vermelhas grelhadas em geral, massas a base de molhos leves, lasanha \u00e0 bolonhesa e pizzas.<br \/>\nVis\u00e3o \u2013 Rubi com reflexos p\u00farpuras com presen\u00e7a de laivos gren\u00e1.<br \/>\nOlfato \u2013 Aromas de ameixa madura, cereja preta e amoras, notas de cacau e especiarias lembrando o est\u00e1gio em carvalho franc\u00eas<br \/>\nPaladar \u2013 Um vinho redondo e complexo com personalidade e distin\u00e7\u00e3o.<\/p>\n","protected":false},"excerpt":{"rendered":"<p>Irreverente Terras do D\u00e3o Blend<\/p>\n","protected":false},"featured_media":11467,"comment_status":"open","ping_status":"closed","template":"","meta":[],"product_cat":[72],"product_tag":[],"_links":{"self":[{"href":"https:\/\/www.vivawines.com.br\/loja\/wp-json\/wp\/v2\/product\/11468"}],"collection":[{"href":"https:\/\/www.vivawines.com.br\/loja\/wp-json\/wp\/v2\/product"}],"about":[{"href":"https:\/\/www.vivawines.com.br\/loja\/wp-json\/wp\/v2\/types\/product"}],"replies":[{"embeddable":true,"href":"https:\/\/www.vivawines.com.br\/loja\/wp-json\/wp\/v2\/comments?post=11468"}],"wp:featuredmedia":[{"embeddable":true,"href":"https:\/\/www.vivawines.com.br\/loja\/wp-json\/wp\/v2\/media\/11467"}],"wp:attachment":[{"href":"https:\/\/www.vivawines.com.br\/loja\/wp-json\/wp\/v2\/media?parent=11468"}],"wp:term":[{"taxonomy":"product_cat","embeddable":true,"href":"https:\/\/www.vivawines.com.br\/loja\/wp-json\/wp\/v2\/product_cat?post=11468"},{"taxonomy":"product_tag","embeddable":true,"href":"https:\/\/www.vivawines.com.br\/loja\/wp-json\/wp\/v2\/product_tag?post=11468"}],"curies":[{"name":"wp","href":"https:\/\/api.w.org\/{rel}","templated":true}]}}