{"id":11472,"date":"2023-02-18T12:16:51","date_gmt":"2023-02-18T15:16:51","guid":{"rendered":"https:\/\/www.vivawines.com.br\/loja\/produto\/prd77599\/"},"modified":"2025-03-13T18:53:21","modified_gmt":"2025-03-13T21:53:21","slug":"prd77599","status":"publish","type":"product","link":"https:\/\/www.vivawines.com.br\/loja\/produto\/prd77599\/","title":{"rendered":"Valdemiz Grappa Envelhecida &#8211; 500 ml"},"content":{"rendered":"<p>Tipo de Uva &#8211; Moscato Giallo<br \/>\nGradua\u00e7\u00e3o Alco\u00f3lica &#8211; 38,5%<br \/>\nVolume &#8211; 500 ml<br \/>\nRegi\u00e3o &#8211; Flores da Cunhas, RS<br \/>\nVin\u00edcola &#8211; Valdemiz<br \/>\nTipo &#8211; Branco &#8211; Destilado<br \/>\nElabora\u00e7\u00e3o &#8211; Estagio de 9 meses em Barricas de carvalho.<\/p>\n","protected":false},"excerpt":{"rendered":"<p>Valdemiz Grappa Envelhecida &#8211; 500 ml<\/p>\n","protected":false},"featured_media":11471,"comment_status":"open","ping_status":"closed","template":"","meta":[],"product_cat":[72],"product_tag":[],"_links":{"self":[{"href":"https:\/\/www.vivawines.com.br\/loja\/wp-json\/wp\/v2\/product\/11472"}],"collection":[{"href":"https:\/\/www.vivawines.com.br\/loja\/wp-json\/wp\/v2\/product"}],"about":[{"href":"https:\/\/www.vivawines.com.br\/loja\/wp-json\/wp\/v2\/types\/product"}],"replies":[{"embeddable":true,"href":"https:\/\/www.vivawines.com.br\/loja\/wp-json\/wp\/v2\/comments?post=11472"}],"wp:featuredmedia":[{"embeddable":true,"href":"https:\/\/www.vivawines.com.br\/loja\/wp-json\/wp\/v2\/media\/11471"}],"wp:attachment":[{"href":"https:\/\/www.vivawines.com.br\/loja\/wp-json\/wp\/v2\/media?parent=11472"}],"wp:term":[{"taxonomy":"product_cat","embeddable":true,"href":"https:\/\/www.vivawines.com.br\/loja\/wp-json\/wp\/v2\/product_cat?post=11472"},{"taxonomy":"product_tag","embeddable":true,"href":"https:\/\/www.vivawines.com.br\/loja\/wp-json\/wp\/v2\/product_tag?post=11472"}],"curies":[{"name":"wp","href":"https:\/\/api.w.org\/{rel}","templated":true}]}}