{"id":11526,"date":"2023-02-25T20:28:43","date_gmt":"2023-02-25T23:28:43","guid":{"rendered":"https:\/\/www.vivawines.com.br\/loja\/produto\/prdv532\/"},"modified":"2025-08-13T19:59:40","modified_gmt":"2025-08-13T22:59:40","slug":"prdv532","status":"publish","type":"product","link":"https:\/\/www.vivawines.com.br\/loja\/produto\/prdv532\/","title":{"rendered":"San Telmo Malbec"},"content":{"rendered":"<p>Tipo de Uva &#8211; Malbec<br \/>\nSafra &#8211; 2022<br \/>\nGradua\u00e7\u00e3o Alco\u00f3lica &#8211; 12,5%<br \/>\nVolume &#8211; 750 ml<br \/>\nRegi\u00e3o &#8211; Mendoza, Argentina<br \/>\nTipo &#8211; Fino Tinto Seco<br \/>\nElabora\u00e7\u00e3o &#8211; Fermenta e amadurece em tanques de inox<br \/>\nHarmoniza\u00e7\u00e3o &#8211; Ideal para acompanhar carnes vermelhas, massas e aves.<br \/>\nVis\u00e3o &#8211;  Violeta profundo.<br \/>\nOlfato &#8211; Aromas frescos de frutas vermelhas e ameixas.<br \/>\nPaladar &#8211; Aromas frescos de frutas vermelhas e ameixas.<\/p>\n","protected":false},"excerpt":{"rendered":"<p>San Telmo Malbec<\/p>\n","protected":false},"featured_media":11525,"comment_status":"open","ping_status":"closed","template":"","meta":[],"product_cat":[72],"product_tag":[],"_links":{"self":[{"href":"https:\/\/www.vivawines.com.br\/loja\/wp-json\/wp\/v2\/product\/11526"}],"collection":[{"href":"https:\/\/www.vivawines.com.br\/loja\/wp-json\/wp\/v2\/product"}],"about":[{"href":"https:\/\/www.vivawines.com.br\/loja\/wp-json\/wp\/v2\/types\/product"}],"replies":[{"embeddable":true,"href":"https:\/\/www.vivawines.com.br\/loja\/wp-json\/wp\/v2\/comments?post=11526"}],"wp:featuredmedia":[{"embeddable":true,"href":"https:\/\/www.vivawines.com.br\/loja\/wp-json\/wp\/v2\/media\/11525"}],"wp:attachment":[{"href":"https:\/\/www.vivawines.com.br\/loja\/wp-json\/wp\/v2\/media?parent=11526"}],"wp:term":[{"taxonomy":"product_cat","embeddable":true,"href":"https:\/\/www.vivawines.com.br\/loja\/wp-json\/wp\/v2\/product_cat?post=11526"},{"taxonomy":"product_tag","embeddable":true,"href":"https:\/\/www.vivawines.com.br\/loja\/wp-json\/wp\/v2\/product_tag?post=11526"}],"curies":[{"name":"wp","href":"https:\/\/api.w.org\/{rel}","templated":true}]}}