{"id":11530,"date":"2023-02-26T08:50:56","date_gmt":"2023-02-26T11:50:56","guid":{"rendered":"https:\/\/www.vivawines.com.br\/loja\/produto\/prd78183\/"},"modified":"2025-03-13T18:53:57","modified_gmt":"2025-03-13T21:53:57","slug":"prd78183","status":"publish","type":"product","link":"https:\/\/www.vivawines.com.br\/loja\/produto\/prd78183\/","title":{"rendered":"Settesoli Pinot Grigio"},"content":{"rendered":"<p>Tipo de Uva &#8211; Pinot Grigio<br \/>\nSafra &#8211; 2021<br \/>\nGradua\u00e7\u00e3o Alco\u00f3lica &#8211; 12%<br \/>\nVolume &#8211; 750 ml<br \/>\nRegi\u00e3o &#8211; Sic\u00edlia, It\u00e1lia<br \/>\nTipo &#8211; Vinho Fino Branco Seco<br \/>\nElabora\u00e7\u00e3o &#8211; Estagia em tanques de inox por 3 meses.<br \/>\nHarmoniza\u00e7\u00e3o &#8211; Acompanha Frutos do mar, peixes e comida japonesa.<br \/>\nVis\u00e3o &#8211; Amarelo esverdeado.<br \/>\nOlfato &#8211; Ma\u00e7\u00e3 verde, frutas c\u00edtricas, pera e p\u00eassego.<br \/>\nPaladar &#8211; Refrescante com acidez marcante.<\/p>\n","protected":false},"excerpt":{"rendered":"<p>Settesoli Pinot Grigio<\/p>\n","protected":false},"featured_media":11529,"comment_status":"open","ping_status":"closed","template":"","meta":[],"product_cat":[72],"product_tag":[],"_links":{"self":[{"href":"https:\/\/www.vivawines.com.br\/loja\/wp-json\/wp\/v2\/product\/11530"}],"collection":[{"href":"https:\/\/www.vivawines.com.br\/loja\/wp-json\/wp\/v2\/product"}],"about":[{"href":"https:\/\/www.vivawines.com.br\/loja\/wp-json\/wp\/v2\/types\/product"}],"replies":[{"embeddable":true,"href":"https:\/\/www.vivawines.com.br\/loja\/wp-json\/wp\/v2\/comments?post=11530"}],"wp:featuredmedia":[{"embeddable":true,"href":"https:\/\/www.vivawines.com.br\/loja\/wp-json\/wp\/v2\/media\/11529"}],"wp:attachment":[{"href":"https:\/\/www.vivawines.com.br\/loja\/wp-json\/wp\/v2\/media?parent=11530"}],"wp:term":[{"taxonomy":"product_cat","embeddable":true,"href":"https:\/\/www.vivawines.com.br\/loja\/wp-json\/wp\/v2\/product_cat?post=11530"},{"taxonomy":"product_tag","embeddable":true,"href":"https:\/\/www.vivawines.com.br\/loja\/wp-json\/wp\/v2\/product_tag?post=11530"}],"curies":[{"name":"wp","href":"https:\/\/api.w.org\/{rel}","templated":true}]}}