{"id":11739,"date":"2023-05-05T10:08:41","date_gmt":"2023-05-05T13:08:41","guid":{"rendered":"https:\/\/www.vivawines.com.br\/loja\/produto\/prd78239\/"},"modified":"2025-03-13T18:54:45","modified_gmt":"2025-03-13T21:54:45","slug":"prd78239","status":"publish","type":"product","link":"https:\/\/www.vivawines.com.br\/loja\/produto\/prd78239\/","title":{"rendered":"Settesoli Bio Grillo"},"content":{"rendered":"<p>Tipo de Uva \u2013 Grillo<br \/>\nSafra \u2013 2020<br \/>\nGradua\u00e7\u00e3o Alco\u00f3lica \u2013 12,5%<br \/>\nVolume \u2013 750 ml<br \/>\nRegi\u00e3o \u2013 Sicilia, It\u00e1lia<br \/>\nVin\u00edcola \u2013  Settesoli<br \/>\nTipo \u2013 Fino Branco Seco<br \/>\nElabora\u00e7\u00e3o \u2013 Em tanque de inox .<br \/>\nHarmoniza\u00e7\u00e3o \u2013 Frutos do Mar, Culin\u00e1ria japonesa.<br \/>\nVis\u00e3o \u2013 Amarelo Palha, Reflexos Esverdeados.<br \/>\nOlfato \u2013 Banana, Maracuj\u00e1, Lim\u00e3o, Mel.<br \/>\nPaladar \u2013 Refrescante, Equilibrado, Complexo, Harm\u00f4nico, Redondo, Levemente Frutado, Macio.<\/p>\n","protected":false},"excerpt":{"rendered":"<p>Settesoli Bio Grillo<\/p>\n","protected":false},"featured_media":11738,"comment_status":"open","ping_status":"closed","template":"","meta":[],"product_cat":[72],"product_tag":[],"_links":{"self":[{"href":"https:\/\/www.vivawines.com.br\/loja\/wp-json\/wp\/v2\/product\/11739"}],"collection":[{"href":"https:\/\/www.vivawines.com.br\/loja\/wp-json\/wp\/v2\/product"}],"about":[{"href":"https:\/\/www.vivawines.com.br\/loja\/wp-json\/wp\/v2\/types\/product"}],"replies":[{"embeddable":true,"href":"https:\/\/www.vivawines.com.br\/loja\/wp-json\/wp\/v2\/comments?post=11739"}],"wp:featuredmedia":[{"embeddable":true,"href":"https:\/\/www.vivawines.com.br\/loja\/wp-json\/wp\/v2\/media\/11738"}],"wp:attachment":[{"href":"https:\/\/www.vivawines.com.br\/loja\/wp-json\/wp\/v2\/media?parent=11739"}],"wp:term":[{"taxonomy":"product_cat","embeddable":true,"href":"https:\/\/www.vivawines.com.br\/loja\/wp-json\/wp\/v2\/product_cat?post=11739"},{"taxonomy":"product_tag","embeddable":true,"href":"https:\/\/www.vivawines.com.br\/loja\/wp-json\/wp\/v2\/product_tag?post=11739"}],"curies":[{"name":"wp","href":"https:\/\/api.w.org\/{rel}","templated":true}]}}