{"id":11753,"date":"2023-05-10T09:49:56","date_gmt":"2023-05-10T12:49:56","guid":{"rendered":"https:\/\/www.vivawines.com.br\/loja\/produto\/prd78243\/"},"modified":"2025-03-13T18:54:51","modified_gmt":"2025-03-13T21:54:51","slug":"prd78243","status":"publish","type":"product","link":"https:\/\/www.vivawines.com.br\/loja\/produto\/prd78243\/","title":{"rendered":"Parole Di Famiglia Pinot Noir"},"content":{"rendered":"<p>Tipo de Uva \u2013 Pinot Noir.<br \/>\nSafra \u2013 2022<br \/>\nGradua\u00e7\u00e3o Alco\u00f3lica \u2013 13%<br \/>\nVolume \u2013 750 ml<br \/>\nRegi\u00e3o \u2013 Caxias do Sul\/RS<br \/>\nVin\u00edcola \u2013 Don Affonso<br \/>\nTipo \u2013 Vinho Fino Tinto Seco<br \/>\nElabora\u00e7\u00e3o \u2013 Em tanque de inox.<br \/>\nHarmoniza\u00e7\u00e3o \u2013 Saladas, frutos do mar, carnes e massas.<br \/>\nVis\u00e3o \u2013 L\u00edmpido, brilhante, de colora\u00e7\u00e3o vermelho cereja.<br \/>\nOlfato \u2013 Aroma de m\u00e9dia intensidade, com notas de morango, framboesa, cereja, groselha e amoras doces. \u00c9 elegante, com leves notas de baunilha.<br \/>\nPaladar \u2013 Leve ataque doce, \u00e9 agrad\u00e1vel, de m\u00e9dia acidez, bom corpo e estrutura. M\u00e9dia persist\u00eancia, retrogosto agrad\u00e1vel e intenso.<\/p>\n","protected":false},"excerpt":{"rendered":"<p>Parole Di Famiglia Pinot Noir<\/p>\n","protected":false},"featured_media":11752,"comment_status":"open","ping_status":"closed","template":"","meta":[],"product_cat":[72],"product_tag":[],"_links":{"self":[{"href":"https:\/\/www.vivawines.com.br\/loja\/wp-json\/wp\/v2\/product\/11753"}],"collection":[{"href":"https:\/\/www.vivawines.com.br\/loja\/wp-json\/wp\/v2\/product"}],"about":[{"href":"https:\/\/www.vivawines.com.br\/loja\/wp-json\/wp\/v2\/types\/product"}],"replies":[{"embeddable":true,"href":"https:\/\/www.vivawines.com.br\/loja\/wp-json\/wp\/v2\/comments?post=11753"}],"wp:featuredmedia":[{"embeddable":true,"href":"https:\/\/www.vivawines.com.br\/loja\/wp-json\/wp\/v2\/media\/11752"}],"wp:attachment":[{"href":"https:\/\/www.vivawines.com.br\/loja\/wp-json\/wp\/v2\/media?parent=11753"}],"wp:term":[{"taxonomy":"product_cat","embeddable":true,"href":"https:\/\/www.vivawines.com.br\/loja\/wp-json\/wp\/v2\/product_cat?post=11753"},{"taxonomy":"product_tag","embeddable":true,"href":"https:\/\/www.vivawines.com.br\/loja\/wp-json\/wp\/v2\/product_tag?post=11753"}],"curies":[{"name":"wp","href":"https:\/\/api.w.org\/{rel}","templated":true}]}}