{"id":11802,"date":"2023-06-14T21:01:51","date_gmt":"2023-06-15T00:01:51","guid":{"rendered":"https:\/\/www.vivawines.com.br\/loja\/produto\/prd78251\/"},"modified":"2025-03-13T18:55:50","modified_gmt":"2025-03-13T21:55:50","slug":"prd78251","status":"publish","type":"product","link":"https:\/\/www.vivawines.com.br\/loja\/produto\/prd78251\/","title":{"rendered":"Ventisquero Queulat Gran Reserva Pinot Noir"},"content":{"rendered":"<p>Tipo de Uva \u2013 Pinot Noir<br \/>\nSafra \u2013 2021<br \/>\nGradua\u00e7\u00e3o Alco\u00f3lica \u2013 13,5%<br \/>\nVolume \u2013 750 ml<br \/>\nRegi\u00e3o \u2013 Valle de Casablanca, Chile<br \/>\nVin\u00edcola \u2013 Ventisquero<br \/>\nTipo \u2013 Vinho Fino Tinto Seco<br \/>\nElabora\u00e7\u00e3o \u2013 70% estagia por 10 meses em barricas de carvalho franc\u00eas.<br \/>\nHarmoniza\u00e7\u00e3o \u2013 Carnes vermelhas, queijos e massas com molho vermelho.<br \/>\nVis\u00e3o \u2013 Rubi claro.<br \/>\nOlfato \u2013 Exibe aromas de frutos pretos e vermelhos como morango, ameixa preta e framboesa, leve caramelo e madeira delicada, bem integrada ao conjunto.<br \/>\nPaladar \u2013 Sabores de fruta preta suculenta e acidez equilibrada, junto com taninos suaves e redondos, obtidos em carvalho franc\u00eas.<\/p>\n","protected":false},"excerpt":{"rendered":"<p>Ventisquero Queulat Gran Reserva Pinot Noir<\/p>\n","protected":false},"featured_media":11812,"comment_status":"open","ping_status":"closed","template":"","meta":[],"product_cat":[72],"product_tag":[],"_links":{"self":[{"href":"https:\/\/www.vivawines.com.br\/loja\/wp-json\/wp\/v2\/product\/11802"}],"collection":[{"href":"https:\/\/www.vivawines.com.br\/loja\/wp-json\/wp\/v2\/product"}],"about":[{"href":"https:\/\/www.vivawines.com.br\/loja\/wp-json\/wp\/v2\/types\/product"}],"replies":[{"embeddable":true,"href":"https:\/\/www.vivawines.com.br\/loja\/wp-json\/wp\/v2\/comments?post=11802"}],"wp:featuredmedia":[{"embeddable":true,"href":"https:\/\/www.vivawines.com.br\/loja\/wp-json\/wp\/v2\/media\/11812"}],"wp:attachment":[{"href":"https:\/\/www.vivawines.com.br\/loja\/wp-json\/wp\/v2\/media?parent=11802"}],"wp:term":[{"taxonomy":"product_cat","embeddable":true,"href":"https:\/\/www.vivawines.com.br\/loja\/wp-json\/wp\/v2\/product_cat?post=11802"},{"taxonomy":"product_tag","embeddable":true,"href":"https:\/\/www.vivawines.com.br\/loja\/wp-json\/wp\/v2\/product_tag?post=11802"}],"curies":[{"name":"wp","href":"https:\/\/api.w.org\/{rel}","templated":true}]}}