{"id":11803,"date":"2023-06-14T21:01:55","date_gmt":"2023-06-15T00:01:55","guid":{"rendered":"https:\/\/www.vivawines.com.br\/loja\/produto\/prd78252\/"},"modified":"2025-03-13T18:55:53","modified_gmt":"2025-03-13T21:55:53","slug":"prd78252","status":"publish","type":"product","link":"https:\/\/www.vivawines.com.br\/loja\/produto\/prd78252\/","title":{"rendered":"Ventisquero Queulat Gran Reserva Cabernet Sauvignon"},"content":{"rendered":"<p>Tipo de Uva \u2013 96% Cabernet Sauvignon 4% Petit Verdot<br \/>\nSafra \u2013 2020<br \/>\nGradua\u00e7\u00e3o Alco\u00f3lica \u2013 13,5%<br \/>\nVolume \u2013 750 ml<br \/>\nRegi\u00e3o \u2013 Valle del Maipo, Chile<br \/>\nVin\u00edcola \u2013 Ventisquero<br \/>\nTipo \u2013 Vinho Fino Tinto Seco<br \/>\nElabora\u00e7\u00e3o \u2013 Estagia por 12 meses em barricas de carvalho franc\u00eas e por mais 6 meses em garrafa.<br \/>\nHarmoniza\u00e7\u00e3o \u2013 Carnes vermelhas, queijos e massas com molho vermelho.<br \/>\nVis\u00e3o \u2013 Rubi profundo.<br \/>\nOlfato \u2013 Aromas expressivo e intenso de frutas vermelhas e negras bem maduras como morango, framboesa, amora e cassis.<br \/>\nPaladar \u2013 Pimenta negra, algo de couro, fumo, chocolate e tabaco.<\/p>\n","protected":false},"excerpt":{"rendered":"<p>Ventisquero Queulat Gran Reserva Cabernet Sauvignon<\/p>\n","protected":false},"featured_media":11813,"comment_status":"open","ping_status":"closed","template":"","meta":[],"product_cat":[72],"product_tag":[],"_links":{"self":[{"href":"https:\/\/www.vivawines.com.br\/loja\/wp-json\/wp\/v2\/product\/11803"}],"collection":[{"href":"https:\/\/www.vivawines.com.br\/loja\/wp-json\/wp\/v2\/product"}],"about":[{"href":"https:\/\/www.vivawines.com.br\/loja\/wp-json\/wp\/v2\/types\/product"}],"replies":[{"embeddable":true,"href":"https:\/\/www.vivawines.com.br\/loja\/wp-json\/wp\/v2\/comments?post=11803"}],"wp:featuredmedia":[{"embeddable":true,"href":"https:\/\/www.vivawines.com.br\/loja\/wp-json\/wp\/v2\/media\/11813"}],"wp:attachment":[{"href":"https:\/\/www.vivawines.com.br\/loja\/wp-json\/wp\/v2\/media?parent=11803"}],"wp:term":[{"taxonomy":"product_cat","embeddable":true,"href":"https:\/\/www.vivawines.com.br\/loja\/wp-json\/wp\/v2\/product_cat?post=11803"},{"taxonomy":"product_tag","embeddable":true,"href":"https:\/\/www.vivawines.com.br\/loja\/wp-json\/wp\/v2\/product_tag?post=11803"}],"curies":[{"name":"wp","href":"https:\/\/api.w.org\/{rel}","templated":true}]}}