{"id":11883,"date":"2024-01-14T22:00:12","date_gmt":"2024-01-15T01:00:12","guid":{"rendered":"https:\/\/www.vivawines.com.br\/loja\/produto\/prdv308\/"},"modified":"2025-03-13T18:57:30","modified_gmt":"2025-03-13T21:57:30","slug":"prdv308","status":"publish","type":"product","link":"https:\/\/www.vivawines.com.br\/loja\/produto\/prdv308\/","title":{"rendered":"Ventisquero Reserva Syrah"},"content":{"rendered":"<p>Tipo de Uva &#8211; Syrah 85%, Cabernet Sauvignon 15%<br \/>\nSafra &#8211; 2014<br \/>\nGradua\u00e7\u00e3o Alco\u00f3lica &#8211; 13,5%<br \/>\nVolume &#8211; 750 ml<br \/>\nRegi\u00e3o &#8211; Valle de Colchagua, Chile<br \/>\nTipo &#8211; Vinho Fino Tinto Seco<br \/>\nElabora\u00e7\u00e3o &#8211; 70% estagia em barris de carvalho franc\u00eas por 10 meses.<br \/>\nHarmoniza\u00e7\u00e3o &#8211; Carnes vermelhas, massas com molho vermelho e queijos.<br \/>\nVis\u00e3o &#8211; Rubi vermelho.<br \/>\nOlfato &#8211; Frutas vermelhas fresca como morango, cereja e groselha.<br \/>\nPaladar &#8211; Na boca, bom corpo e acidez equilibrada com tanino macio e maduro.<\/p>\n","protected":false},"excerpt":{"rendered":"<p>Ventisquero Reserva Syrah<\/p>\n","protected":false},"featured_media":11882,"comment_status":"open","ping_status":"closed","template":"","meta":[],"product_cat":[72],"product_tag":[],"_links":{"self":[{"href":"https:\/\/www.vivawines.com.br\/loja\/wp-json\/wp\/v2\/product\/11883"}],"collection":[{"href":"https:\/\/www.vivawines.com.br\/loja\/wp-json\/wp\/v2\/product"}],"about":[{"href":"https:\/\/www.vivawines.com.br\/loja\/wp-json\/wp\/v2\/types\/product"}],"replies":[{"embeddable":true,"href":"https:\/\/www.vivawines.com.br\/loja\/wp-json\/wp\/v2\/comments?post=11883"}],"wp:featuredmedia":[{"embeddable":true,"href":"https:\/\/www.vivawines.com.br\/loja\/wp-json\/wp\/v2\/media\/11882"}],"wp:attachment":[{"href":"https:\/\/www.vivawines.com.br\/loja\/wp-json\/wp\/v2\/media?parent=11883"}],"wp:term":[{"taxonomy":"product_cat","embeddable":true,"href":"https:\/\/www.vivawines.com.br\/loja\/wp-json\/wp\/v2\/product_cat?post=11883"},{"taxonomy":"product_tag","embeddable":true,"href":"https:\/\/www.vivawines.com.br\/loja\/wp-json\/wp\/v2\/product_tag?post=11883"}],"curies":[{"name":"wp","href":"https:\/\/api.w.org\/{rel}","templated":true}]}}