{"id":12063,"date":"2026-02-16T11:28:21","date_gmt":"2026-02-16T14:28:21","guid":{"rendered":"https:\/\/www.vivawines.com.br\/loja\/produto\/prd77817\/"},"modified":"2026-02-16T11:28:21","modified_gmt":"2026-02-16T14:28:21","slug":"prd77817","status":"publish","type":"product","link":"https:\/\/www.vivawines.com.br\/loja\/produto\/prd77817\/","title":{"rendered":"Terra D&#8217;Alter Alicante Bouschet"},"content":{"rendered":"<p>Tipo de Uva \u2013 Alicante Bouschet<br \/>\nSafra \u2013 2016<br \/>\nGradua\u00e7\u00e3o Alco\u00f3lica \u2013 14,5%<br \/>\nVolume \u2013 750 ml<br \/>\nRegi\u00e3o \u2013 Alentejo, Portugal<br \/>\nTipo \u2013 Fino Tinto Seco<br \/>\nElabora\u00e7\u00e3o \u2013 Passagem por 14 meses em barricas de carvalho franc\u00eas.<br \/>\nHarmoniza\u00e7\u00e3o \u2013 Bom acompanhamento para carnes assadas.<br \/>\nVis\u00e3o \u2013 Vermelho p\u00farpuro intenso.<br \/>\nOlfato \u2013 Notas de fruta negra, boa acidez e estrutura.<br \/>\nPaladar \u2013 Taninos bem presentes mais com muita suavidade. Final agrad\u00e1vel com notas de chocolate.<\/p>\n","protected":false},"excerpt":{"rendered":"<p>Terra D&#8217;Alter Alicante Bouschet<\/p>\n","protected":false},"featured_media":12062,"comment_status":"open","ping_status":"closed","template":"","meta":[],"product_cat":[72],"product_tag":[],"_links":{"self":[{"href":"https:\/\/www.vivawines.com.br\/loja\/wp-json\/wp\/v2\/product\/12063"}],"collection":[{"href":"https:\/\/www.vivawines.com.br\/loja\/wp-json\/wp\/v2\/product"}],"about":[{"href":"https:\/\/www.vivawines.com.br\/loja\/wp-json\/wp\/v2\/types\/product"}],"replies":[{"embeddable":true,"href":"https:\/\/www.vivawines.com.br\/loja\/wp-json\/wp\/v2\/comments?post=12063"}],"wp:featuredmedia":[{"embeddable":true,"href":"https:\/\/www.vivawines.com.br\/loja\/wp-json\/wp\/v2\/media\/12062"}],"wp:attachment":[{"href":"https:\/\/www.vivawines.com.br\/loja\/wp-json\/wp\/v2\/media?parent=12063"}],"wp:term":[{"taxonomy":"product_cat","embeddable":true,"href":"https:\/\/www.vivawines.com.br\/loja\/wp-json\/wp\/v2\/product_cat?post=12063"},{"taxonomy":"product_tag","embeddable":true,"href":"https:\/\/www.vivawines.com.br\/loja\/wp-json\/wp\/v2\/product_tag?post=12063"}],"curies":[{"name":"wp","href":"https:\/\/api.w.org\/{rel}","templated":true}]}}