{"id":12079,"date":"2026-02-16T11:29:02","date_gmt":"2026-02-16T14:29:02","guid":{"rendered":"https:\/\/www.vivawines.com.br\/loja\/produto\/prd78012\/"},"modified":"2026-02-16T11:29:02","modified_gmt":"2026-02-16T14:29:02","slug":"prd78012","status":"publish","type":"product","link":"https:\/\/www.vivawines.com.br\/loja\/produto\/prd78012\/","title":{"rendered":"Siempre Tengo un Plan B Malbec"},"content":{"rendered":"<p>Tipo de Uva \u2013 Malbec<br \/>\nSafra \u2013 2020<br \/>\nGradua\u00e7\u00e3o Alco\u00f3lica \u2013 14,1%<br \/>\nVolume \u2013 750 ml<br \/>\nRegi\u00e3o \u2013 Maipu, Mendoza, Argentina<br \/>\nTipo \u2013 Vinho Fino Tinto Seco<br \/>\nElabora\u00e7\u00e3o \u2013 Sem passagem em barricas.<br \/>\nHarmoniza\u00e7\u00e3o \u2013  Carnes Vermelhas<br \/>\nOlfato \u2013  Aroma complexo de frutos vermelhas.<br \/>\nPaladar \u2013 Na boca \u00e9 suculento, amigavel e de uma ac\u00eddez refrescante. Taninos suaves mas mesmo assim presentes com sensa\u00e7\u00e3o aveludada ao fim de boca.<\/p>\n","protected":false},"excerpt":{"rendered":"<p>Siempre Tengo un Plan B Malbec<\/p>\n","protected":false},"featured_media":12078,"comment_status":"open","ping_status":"closed","template":"","meta":[],"product_cat":[72],"product_tag":[],"_links":{"self":[{"href":"https:\/\/www.vivawines.com.br\/loja\/wp-json\/wp\/v2\/product\/12079"}],"collection":[{"href":"https:\/\/www.vivawines.com.br\/loja\/wp-json\/wp\/v2\/product"}],"about":[{"href":"https:\/\/www.vivawines.com.br\/loja\/wp-json\/wp\/v2\/types\/product"}],"replies":[{"embeddable":true,"href":"https:\/\/www.vivawines.com.br\/loja\/wp-json\/wp\/v2\/comments?post=12079"}],"wp:featuredmedia":[{"embeddable":true,"href":"https:\/\/www.vivawines.com.br\/loja\/wp-json\/wp\/v2\/media\/12078"}],"wp:attachment":[{"href":"https:\/\/www.vivawines.com.br\/loja\/wp-json\/wp\/v2\/media?parent=12079"}],"wp:term":[{"taxonomy":"product_cat","embeddable":true,"href":"https:\/\/www.vivawines.com.br\/loja\/wp-json\/wp\/v2\/product_cat?post=12079"},{"taxonomy":"product_tag","embeddable":true,"href":"https:\/\/www.vivawines.com.br\/loja\/wp-json\/wp\/v2\/product_tag?post=12079"}],"curies":[{"name":"wp","href":"https:\/\/api.w.org\/{rel}","templated":true}]}}