{"id":12085,"date":"2026-02-16T11:29:16","date_gmt":"2026-02-16T14:29:16","guid":{"rendered":"https:\/\/www.vivawines.com.br\/loja\/produto\/prd78074\/"},"modified":"2026-02-16T11:29:16","modified_gmt":"2026-02-16T14:29:16","slug":"prd78074","status":"publish","type":"product","link":"https:\/\/www.vivawines.com.br\/loja\/produto\/prd78074\/","title":{"rendered":"VinoSerra Merlot"},"content":{"rendered":"<p>Tipo de Uva &#8211; Merlot<br \/>\nSafra &#8211; 2017<br \/>\nGradua\u00e7\u00e3o Alco\u00f3lica &#8211; 12,2%<br \/>\nVolume &#8211; 750 ml<br \/>\nRegi\u00e3o &#8211; Cap\u00e3o Alto\/SC<br \/>\nTipo &#8211; Vinho Fino Tinto Seco<br \/>\nElabora\u00e7\u00e3o &#8211;  Sem passagem por barrica.<br \/>\nHarmoniza\u00e7\u00e3o &#8211; Pizzas ou panquecas, pratos a base de frango, presunto cru, pratos da comida \u00e1rabe, salame, carne assada.<br \/>\nVis\u00e3o &#8211; Viol\u00e1ceo com reflexo rubi, m\u00e9dia intensidade, l\u00edmpido.<br \/>\nOlfato &#8211; Notas de especiarias e frutas negras como ameixa, amora e groselha.<br \/>\nPaladar &#8211; Acidez equilibrada, taninos m\u00e9dios, retrogosto terroso e levemente amadeirado.<\/p>\n","protected":false},"excerpt":{"rendered":"<p>VinoSerra Merlot<\/p>\n","protected":false},"featured_media":12084,"comment_status":"open","ping_status":"closed","template":"","meta":[],"product_cat":[72],"product_tag":[],"_links":{"self":[{"href":"https:\/\/www.vivawines.com.br\/loja\/wp-json\/wp\/v2\/product\/12085"}],"collection":[{"href":"https:\/\/www.vivawines.com.br\/loja\/wp-json\/wp\/v2\/product"}],"about":[{"href":"https:\/\/www.vivawines.com.br\/loja\/wp-json\/wp\/v2\/types\/product"}],"replies":[{"embeddable":true,"href":"https:\/\/www.vivawines.com.br\/loja\/wp-json\/wp\/v2\/comments?post=12085"}],"wp:featuredmedia":[{"embeddable":true,"href":"https:\/\/www.vivawines.com.br\/loja\/wp-json\/wp\/v2\/media\/12084"}],"wp:attachment":[{"href":"https:\/\/www.vivawines.com.br\/loja\/wp-json\/wp\/v2\/media?parent=12085"}],"wp:term":[{"taxonomy":"product_cat","embeddable":true,"href":"https:\/\/www.vivawines.com.br\/loja\/wp-json\/wp\/v2\/product_cat?post=12085"},{"taxonomy":"product_tag","embeddable":true,"href":"https:\/\/www.vivawines.com.br\/loja\/wp-json\/wp\/v2\/product_tag?post=12085"}],"curies":[{"name":"wp","href":"https:\/\/api.w.org\/{rel}","templated":true}]}}