{"id":12089,"date":"2026-02-16T11:29:24","date_gmt":"2026-02-16T14:29:24","guid":{"rendered":"https:\/\/www.vivawines.com.br\/loja\/produto\/prd78089\/"},"modified":"2026-02-16T11:29:24","modified_gmt":"2026-02-16T14:29:24","slug":"prd78089","status":"publish","type":"product","link":"https:\/\/www.vivawines.com.br\/loja\/produto\/prd78089\/","title":{"rendered":"Ulian L Oitenta Cabernet Franc"},"content":{"rendered":"<p>Tipo de Uva &#8211; Cabernet Franc<br \/>\nSafra &#8211; 2020<br \/>\nGradua\u00e7\u00e3o Alco\u00f3lica -13%<br \/>\nVolume \u2013 750 ml<br \/>\nRegi\u00e3o \u2013 Flores da Cunha, RS<br \/>\nTipo \u2013 Vinho Fino Seco<br \/>\nElabora\u00e7\u00e3o \u2013 Est\u00e1gio de 06 meses carvalho franc\u00eas e americano, tosta m\u00e9dia.<br \/>\nHarmoniza\u00e7\u00e3o &#8211; Carnes vermelhas, pizzas, risotos e feijoadas.<br \/>\nVis\u00e3o &#8211; Colora\u00e7\u00e3o viol\u00e1cea intensa.<br \/>\nOlfato &#8211; Ressaltam aromas prim\u00e1rios de frutas negras como ameixa preta e amora, evidencia aroma mentolado, toque de especiarias.<br \/>\nPaladar \u2013 Apresenta corpo macio, com taninos aveludados, vinho equilibrado com agrad\u00e1vel persist\u00eancia.<\/p>\n","protected":false},"excerpt":{"rendered":"<p>Ulian L Oitenta Cabernet Franc<\/p>\n","protected":false},"featured_media":12088,"comment_status":"open","ping_status":"closed","template":"","meta":[],"product_cat":[72],"product_tag":[],"_links":{"self":[{"href":"https:\/\/www.vivawines.com.br\/loja\/wp-json\/wp\/v2\/product\/12089"}],"collection":[{"href":"https:\/\/www.vivawines.com.br\/loja\/wp-json\/wp\/v2\/product"}],"about":[{"href":"https:\/\/www.vivawines.com.br\/loja\/wp-json\/wp\/v2\/types\/product"}],"replies":[{"embeddable":true,"href":"https:\/\/www.vivawines.com.br\/loja\/wp-json\/wp\/v2\/comments?post=12089"}],"wp:featuredmedia":[{"embeddable":true,"href":"https:\/\/www.vivawines.com.br\/loja\/wp-json\/wp\/v2\/media\/12088"}],"wp:attachment":[{"href":"https:\/\/www.vivawines.com.br\/loja\/wp-json\/wp\/v2\/media?parent=12089"}],"wp:term":[{"taxonomy":"product_cat","embeddable":true,"href":"https:\/\/www.vivawines.com.br\/loja\/wp-json\/wp\/v2\/product_cat?post=12089"},{"taxonomy":"product_tag","embeddable":true,"href":"https:\/\/www.vivawines.com.br\/loja\/wp-json\/wp\/v2\/product_tag?post=12089"}],"curies":[{"name":"wp","href":"https:\/\/api.w.org\/{rel}","templated":true}]}}