{"id":12095,"date":"2026-02-16T11:29:35","date_gmt":"2026-02-16T14:29:35","guid":{"rendered":"https:\/\/www.vivawines.com.br\/loja\/produto\/prd78108\/"},"modified":"2026-02-16T11:29:35","modified_gmt":"2026-02-16T14:29:35","slug":"prd78108","status":"publish","type":"product","link":"https:\/\/www.vivawines.com.br\/loja\/produto\/prd78108\/","title":{"rendered":"Le Casine Chianti"},"content":{"rendered":"<p>Tipo de Uva \u2013 Sangiovese (89%) e Canaiolo (11%)<br \/>\nSafra \u2013 2022<br \/>\nGradua\u00e7\u00e3o Alco\u00f3lica \u2013 12%<br \/>\nVolume \u2013 750 ml<br \/>\nRegi\u00e3o \u2013 Chianti, It\u00e1lia<br \/>\nTipo \u2013 Fino Tinto Seco.<br \/>\nElabora\u00e7\u00e3o \u2013 Fermentado e amadurecido em ton\u00e9is de carvalho por 6 meses.<br \/>\nHarmoniza\u00e7\u00e3o \u2013 Harmoniza com carnes vermelhas, brancas e queijos.<br \/>\nOlfato \u2013 Frutado com notas de especiarias como canela e anis estrelados.<br \/>\nPaladar \u2013 Fresco e frutas como cereja e framboesa, com notas picantes<\/p>\n","protected":false},"excerpt":{"rendered":"<p>Le Casine Chianti<\/p>\n","protected":false},"featured_media":12094,"comment_status":"open","ping_status":"closed","template":"","meta":[],"product_cat":[72],"product_tag":[],"_links":{"self":[{"href":"https:\/\/www.vivawines.com.br\/loja\/wp-json\/wp\/v2\/product\/12095"}],"collection":[{"href":"https:\/\/www.vivawines.com.br\/loja\/wp-json\/wp\/v2\/product"}],"about":[{"href":"https:\/\/www.vivawines.com.br\/loja\/wp-json\/wp\/v2\/types\/product"}],"replies":[{"embeddable":true,"href":"https:\/\/www.vivawines.com.br\/loja\/wp-json\/wp\/v2\/comments?post=12095"}],"wp:featuredmedia":[{"embeddable":true,"href":"https:\/\/www.vivawines.com.br\/loja\/wp-json\/wp\/v2\/media\/12094"}],"wp:attachment":[{"href":"https:\/\/www.vivawines.com.br\/loja\/wp-json\/wp\/v2\/media?parent=12095"}],"wp:term":[{"taxonomy":"product_cat","embeddable":true,"href":"https:\/\/www.vivawines.com.br\/loja\/wp-json\/wp\/v2\/product_cat?post=12095"},{"taxonomy":"product_tag","embeddable":true,"href":"https:\/\/www.vivawines.com.br\/loja\/wp-json\/wp\/v2\/product_tag?post=12095"}],"curies":[{"name":"wp","href":"https:\/\/api.w.org\/{rel}","templated":true}]}}