{"id":12153,"date":"2026-02-16T11:31:10","date_gmt":"2026-02-16T14:31:10","guid":{"rendered":"https:\/\/www.vivawines.com.br\/loja\/produto\/prd78256\/"},"modified":"2026-02-16T11:31:10","modified_gmt":"2026-02-16T14:31:10","slug":"prd78256","status":"publish","type":"product","link":"https:\/\/www.vivawines.com.br\/loja\/produto\/prd78256\/","title":{"rendered":"Bag in box San Diego tinto de mesa suave 5L"},"content":{"rendered":"<p>Tipo de Uva &#8211; Isabel e Bord\u00f4<br \/>\nSafra &#8211; n\u00e3o safrado.<br \/>\nGradua\u00e7\u00e3o Alco\u00f3lica &#8211; 10,2%<br \/>\nVolume &#8211; 5000 ml<br \/>\nRegi\u00e3o &#8211; Farroupilha, RS<br \/>\nTipo &#8211; Vinho Tinto Suave<br \/>\nElabora\u00e7\u00e3o &#8211; Sem passagem em barricas de carvalho.<br \/>\nHarmoniza\u00e7\u00e3o &#8211; Carnes e massas.<br \/>\nVis\u00e3o &#8211; Violeta intensa.<br \/>\nOlfato &#8211; Frutas vermelhas como amora e framboesa.<br \/>\nPaladar &#8211; Sabor adocicado, macio e aveludado.<\/p>\n","protected":false},"excerpt":{"rendered":"<p>Bag in box San Diego tinto de mesa suave 5L<\/p>\n","protected":false},"featured_media":12152,"comment_status":"open","ping_status":"closed","template":"","meta":[],"product_cat":[340],"product_tag":[],"_links":{"self":[{"href":"https:\/\/www.vivawines.com.br\/loja\/wp-json\/wp\/v2\/product\/12153"}],"collection":[{"href":"https:\/\/www.vivawines.com.br\/loja\/wp-json\/wp\/v2\/product"}],"about":[{"href":"https:\/\/www.vivawines.com.br\/loja\/wp-json\/wp\/v2\/types\/product"}],"replies":[{"embeddable":true,"href":"https:\/\/www.vivawines.com.br\/loja\/wp-json\/wp\/v2\/comments?post=12153"}],"wp:featuredmedia":[{"embeddable":true,"href":"https:\/\/www.vivawines.com.br\/loja\/wp-json\/wp\/v2\/media\/12152"}],"wp:attachment":[{"href":"https:\/\/www.vivawines.com.br\/loja\/wp-json\/wp\/v2\/media?parent=12153"}],"wp:term":[{"taxonomy":"product_cat","embeddable":true,"href":"https:\/\/www.vivawines.com.br\/loja\/wp-json\/wp\/v2\/product_cat?post=12153"},{"taxonomy":"product_tag","embeddable":true,"href":"https:\/\/www.vivawines.com.br\/loja\/wp-json\/wp\/v2\/product_tag?post=12153"}],"curies":[{"name":"wp","href":"https:\/\/api.w.org\/{rel}","templated":true}]}}