{"id":12167,"date":"2026-02-16T11:31:46","date_gmt":"2026-02-16T14:31:46","guid":{"rendered":"https:\/\/www.vivawines.com.br\/loja\/produto\/prdes174-11\/"},"modified":"2026-02-16T11:31:46","modified_gmt":"2026-02-16T14:31:46","slug":"prdes174-11","status":"publish","type":"product","link":"https:\/\/www.vivawines.com.br\/loja\/produto\/prdes174-11\/","title":{"rendered":"Espumante Rio Bravo Moscatel"},"content":{"rendered":"<p>Tipo de Uva &#8211; Moscato Giallo e Alexandria<br \/>\nSafra &#8211; N\u00e3o safrado<br \/>\nGradua\u00e7\u00e3o Alco\u00f3lica &#8211; 7,5%<br \/>\nVolume &#8211; 750 ml<br \/>\nRegi\u00e3o &#8211; Flores da Cunha\/RS<br \/>\nTipo &#8211; Espumante Moscatel<br \/>\nM\u00e9todo &#8211; Charmat<br \/>\nHarmoniza\u00e7\u00e3o &#8211; Ideal para coquet\u00e9is, sobremesa.<br \/>\nVis\u00e3o &#8211; Colora\u00e7\u00e3o amarelo palha, reflexos esverdeados e l\u00edmpido.<br \/>\nOlfato &#8211; P\u00eassego, baunilha, flores e especiarias.<br \/>\nPaladar &#8211; Acidez equilibrada e perlage intenso.<\/p>\n","protected":false},"excerpt":{"rendered":"<p>Espumante Rio Bravo Moscatel<\/p>\n","protected":false},"featured_media":12166,"comment_status":"open","ping_status":"closed","template":"","meta":[],"product_cat":[339],"product_tag":[],"_links":{"self":[{"href":"https:\/\/www.vivawines.com.br\/loja\/wp-json\/wp\/v2\/product\/12167"}],"collection":[{"href":"https:\/\/www.vivawines.com.br\/loja\/wp-json\/wp\/v2\/product"}],"about":[{"href":"https:\/\/www.vivawines.com.br\/loja\/wp-json\/wp\/v2\/types\/product"}],"replies":[{"embeddable":true,"href":"https:\/\/www.vivawines.com.br\/loja\/wp-json\/wp\/v2\/comments?post=12167"}],"wp:featuredmedia":[{"embeddable":true,"href":"https:\/\/www.vivawines.com.br\/loja\/wp-json\/wp\/v2\/media\/12166"}],"wp:attachment":[{"href":"https:\/\/www.vivawines.com.br\/loja\/wp-json\/wp\/v2\/media?parent=12167"}],"wp:term":[{"taxonomy":"product_cat","embeddable":true,"href":"https:\/\/www.vivawines.com.br\/loja\/wp-json\/wp\/v2\/product_cat?post=12167"},{"taxonomy":"product_tag","embeddable":true,"href":"https:\/\/www.vivawines.com.br\/loja\/wp-json\/wp\/v2\/product_tag?post=12167"}],"curies":[{"name":"wp","href":"https:\/\/api.w.org\/{rel}","templated":true}]}}