{"id":12193,"date":"2026-02-16T11:32:48","date_gmt":"2026-02-16T14:32:48","guid":{"rendered":"https:\/\/www.vivawines.com.br\/loja\/produto\/prdv558\/"},"modified":"2026-02-16T11:32:48","modified_gmt":"2026-02-16T14:32:48","slug":"prdv558","status":"publish","type":"product","link":"https:\/\/www.vivawines.com.br\/loja\/produto\/prdv558\/","title":{"rendered":"La Puerta Alta Bonarda"},"content":{"rendered":"<p>Tipo de Uva &#8211; Bonarda<br \/>\nSafra &#8211; 2016<br \/>\nGradua\u00e7\u00e3o Alco\u00f3lica &#8211; 13,50%<br \/>\nVolume &#8211; 750 ml<br \/>\nRegi\u00e3o &#8211; La Rioja, Argentina.<br \/>\nTipo &#8211; Fino Tinto Seco<br \/>\nElabora\u00e7\u00e3o &#8211; 3 meses em barricas de carvalho franc\u00eas e americano.<br \/>\nHarmoniza\u00e7\u00e3o &#8211; Carnes vermelhas.<br \/>\nVis\u00e3o &#8211;  Colora\u00e7\u00e3o vermelho profundo.<br \/>\nOlfato &#8211; Aromas intensos de ameixa<br \/>\nmadura com notas florais e violetas.<br \/>\nPaladar &#8211; Na boca a fruta \u00e9 abundante e suculenta, integrada de forma precisa com as notas presentes<br \/>\ndo carvalho. Seus taninos s\u00e3o finos e antecipados para um final empecavelmente equilibrado.<\/p>\n","protected":false},"excerpt":{"rendered":"<p>La Puerta Alta Bonarda<\/p>\n","protected":false},"featured_media":12192,"comment_status":"open","ping_status":"closed","template":"","meta":[],"product_cat":[72],"product_tag":[],"_links":{"self":[{"href":"https:\/\/www.vivawines.com.br\/loja\/wp-json\/wp\/v2\/product\/12193"}],"collection":[{"href":"https:\/\/www.vivawines.com.br\/loja\/wp-json\/wp\/v2\/product"}],"about":[{"href":"https:\/\/www.vivawines.com.br\/loja\/wp-json\/wp\/v2\/types\/product"}],"replies":[{"embeddable":true,"href":"https:\/\/www.vivawines.com.br\/loja\/wp-json\/wp\/v2\/comments?post=12193"}],"wp:featuredmedia":[{"embeddable":true,"href":"https:\/\/www.vivawines.com.br\/loja\/wp-json\/wp\/v2\/media\/12192"}],"wp:attachment":[{"href":"https:\/\/www.vivawines.com.br\/loja\/wp-json\/wp\/v2\/media?parent=12193"}],"wp:term":[{"taxonomy":"product_cat","embeddable":true,"href":"https:\/\/www.vivawines.com.br\/loja\/wp-json\/wp\/v2\/product_cat?post=12193"},{"taxonomy":"product_tag","embeddable":true,"href":"https:\/\/www.vivawines.com.br\/loja\/wp-json\/wp\/v2\/product_tag?post=12193"}],"curies":[{"name":"wp","href":"https:\/\/api.w.org\/{rel}","templated":true}]}}