{"id":12203,"date":"2026-02-16T11:33:11","date_gmt":"2026-02-16T14:33:11","guid":{"rendered":"https:\/\/www.vivawines.com.br\/loja\/produto\/prdvb407\/"},"modified":"2026-02-16T11:33:11","modified_gmt":"2026-02-16T14:33:11","slug":"prdvb407","status":"publish","type":"product","link":"https:\/\/www.vivawines.com.br\/loja\/produto\/prdvb407\/","title":{"rendered":"La Puerta Cl\u00e1ssico Torront\u00e9s"},"content":{"rendered":"<p>Tipo de Uva &#8211; Torront\u00e9s<br \/>\nSafra &#8211; 2018<br \/>\nGradua\u00e7\u00e3o Alco\u00f3lica &#8211; 13,00%<br \/>\nVolume &#8211; 750 ml<br \/>\nRegi\u00e3o &#8211; La Rioja, Argentina.<br \/>\nTipo &#8211; Fino Branco Seco<br \/>\nElabora\u00e7\u00e3o &#8211; Vinho jovem, sem passagem por carvalho.<br \/>\nHarmoniza\u00e7\u00e3o &#8211; Vinho refrescante para todos os momentos.<br \/>\nVis\u00e3o &#8211;  Tem uma cor amarela p\u00e1lida elegante com toques de verde.<br \/>\nOlfato &#8211; Madressilva poderosa e outros aromas florais s\u00e3o caracter\u00edsticos deste vinho \u00fanico.<br \/>\nPaladar &#8211; Sabores c\u00edtricos, acabamentos limpos e refrescantes, com mais dicas florais.<\/p>\n","protected":false},"excerpt":{"rendered":"<p>La Puerta Cl\u00e1ssico Torront\u00e9s<\/p>\n","protected":false},"featured_media":12202,"comment_status":"open","ping_status":"closed","template":"","meta":[],"product_cat":[72],"product_tag":[],"_links":{"self":[{"href":"https:\/\/www.vivawines.com.br\/loja\/wp-json\/wp\/v2\/product\/12203"}],"collection":[{"href":"https:\/\/www.vivawines.com.br\/loja\/wp-json\/wp\/v2\/product"}],"about":[{"href":"https:\/\/www.vivawines.com.br\/loja\/wp-json\/wp\/v2\/types\/product"}],"replies":[{"embeddable":true,"href":"https:\/\/www.vivawines.com.br\/loja\/wp-json\/wp\/v2\/comments?post=12203"}],"wp:featuredmedia":[{"embeddable":true,"href":"https:\/\/www.vivawines.com.br\/loja\/wp-json\/wp\/v2\/media\/12202"}],"wp:attachment":[{"href":"https:\/\/www.vivawines.com.br\/loja\/wp-json\/wp\/v2\/media?parent=12203"}],"wp:term":[{"taxonomy":"product_cat","embeddable":true,"href":"https:\/\/www.vivawines.com.br\/loja\/wp-json\/wp\/v2\/product_cat?post=12203"},{"taxonomy":"product_tag","embeddable":true,"href":"https:\/\/www.vivawines.com.br\/loja\/wp-json\/wp\/v2\/product_tag?post=12203"}],"curies":[{"name":"wp","href":"https:\/\/api.w.org\/{rel}","templated":true}]}}